{"id":2,"date":"2018-12-19T11:12:45","date_gmt":"2018-12-19T10:12:45","guid":{"rendered":"http:\/\/digitalteknik.it.slotshaven.dk\/?page_id=2"},"modified":"2022-02-28T16:15:16","modified_gmt":"2022-02-28T15:15:16","slug":"eksempel-side","status":"publish","type":"page","link":"https:\/\/digitalteknik.slotshaven.it\/wordpress\/","title":{"rendered":"Webstedet digitalteknik"},"content":{"rendered":"<p>Denne hjemmeside ledsager teknikfaget Digital Design p\u00e5 Slotshaven gymnasium, HTX. Den er blevet til b\u00e5de som et fors\u00f8g p\u00e5 at samle og organisere et undervisningsmateriale til faget og at dokumentere fagets f\u00f8rste spadestik p\u00e5 skolen, siden oprettelsen i 2018.<\/p>\n<p>Den faglige profil kalder vi <strong>Intelligente systemer i den virtuelle og fysiske verden.<\/strong>\u00a0Profilen har fokus p\u00e5 de valgfri temaer &#8220;Intelligente systemer&#8221; og &#8220;Virtual reality&#8221;.<\/p>\n<p>Forl\u00f8bene er skabt ud fra en kreativ-eksperimenterende tilgang til stofomr\u00e5det. De involverede faglige elementer er, mens undervisningen foreg\u00e5r, i udvikling i verden udenfor. Maskinl\u00e6ring som algoritmisk paradigme og digitaliseringen af den fysiske verden, er sammen ved at \u00e6ndre den m\u00e5de samfundets grundl\u00e6ggende dom\u00e6ner fungerer p\u00e5: politik, transport, bolig, f\u00f8devarer, produktion, handel, kunst og s\u00e5 videre, og s\u00e5 videre.\u00a0 \u00a0<\/p>\n<p>Af den grund er det vanskeligt at sammens\u00e6tte et kompendium uden at v\u00e6re \u00e5ben for indfald og inspiration som dukker op undervejs. Undervisningen skifter derfor s\u00e5 vidt muligt mellem at introducere principielle metoder og begreber p\u00e5 den ene side, og at opstille praktiske eksperimenter, aktuelle diskussioner og udfordringer p\u00e5 den anden.\u00a0<\/p>\n<p>Gennem de fire forl\u00f8b i hovedmenuen pr\u00e6senteres eleverne for redskaber og metoder til at skabe prototyper, som bruger maskinl\u00e6ring og software\/hardware til at skabe interaktive netv\u00e6rk mellem mennesker. I fanen Overblik har vi samlet overordnet info om faget og undervisningens struktur.\u00a0<\/p>\n\n\n<figure class=\"wp-block-image\">\n<iframe loading=\"lazy\" src=\"https:\/\/rawgit.com\/simmoe\/digidaktik\/master\/CodingChallenges\/CC_01_StarField_p5.js\/index.html\" scrolling=\"no\" width=\"100%\" height=\"100px\">\n<figcaption>N\u00e5r du bev\u00e6ger musen over billedet, \u00e6ndrer du punkternes hastighed. Noget af det mest interessante ved computere er, at de kan behandle input og output <i>realtime<\/i>. N\u00e5r vi taler om intelligente systemer i dette fag, t\u00e6nker vi ofte p\u00e5 systemer som interagerer smart og intuitivt med mennesker.<\/figcaption>\n<\/figure>\n\n\n\n<p> <\/p>\n","protected":false},"excerpt":{"rendered":"<p>Denne hjemmeside ledsager teknikfaget Digital Design p\u00e5 Slotshaven gymnasium, HTX. Den er blevet til b\u00e5de som et fors\u00f8g p\u00e5 at samle og organisere et undervisningsmateriale til faget og at dokumentere fagets f\u00f8rste spadestik p\u00e5 skolen, siden oprettelsen i 2018. Den faglige profil kalder vi Intelligente systemer i den virtuelle og fysiske verden.\u00a0Profilen har fokus p\u00e5 &#8230; <a title=\"Webstedet digitalteknik\" class=\"read-more\" href=\"https:\/\/digitalteknik.slotshaven.it\/wordpress\/\" aria-label=\"Read more about Webstedet digitalteknik\">L\u00e6s mere <\/a><\/p>\n","protected":false},"author":2,"featured_media":0,"parent":0,"menu_order":0,"comment_status":"closed","ping_status":"open","template":"","meta":{"footnotes":""},"class_list":["post-2","page","type-page","status-publish"],"_links":{"self":[{"href":"https:\/\/digitalteknik.slotshaven.it\/wordpress\/wp-json\/wp\/v2\/pages\/2","targetHints":{"allow":["GET"]}}],"collection":[{"href":"https:\/\/digitalteknik.slotshaven.it\/wordpress\/wp-json\/wp\/v2\/pages"}],"about":[{"href":"https:\/\/digitalteknik.slotshaven.it\/wordpress\/wp-json\/wp\/v2\/types\/page"}],"author":[{"embeddable":true,"href":"https:\/\/digitalteknik.slotshaven.it\/wordpress\/wp-json\/wp\/v2\/users\/2"}],"replies":[{"embeddable":true,"href":"https:\/\/digitalteknik.slotshaven.it\/wordpress\/wp-json\/wp\/v2\/comments?post=2"}],"version-history":[{"count":1,"href":"https:\/\/digitalteknik.slotshaven.it\/wordpress\/wp-json\/wp\/v2\/pages\/2\/revisions"}],"predecessor-version":[{"id":4415,"href":"https:\/\/digitalteknik.slotshaven.it\/wordpress\/wp-json\/wp\/v2\/pages\/2\/revisions\/4415"}],"wp:attachment":[{"href":"https:\/\/digitalteknik.slotshaven.it\/wordpress\/wp-json\/wp\/v2\/media?parent=2"}],"curies":[{"name":"wp","href":"https:\/\/api.w.org\/{rel}","templated":true}]}}